310?
2, 5, 17, 2143
What are the prime factors of 3323114?
2, 1661557
List the prime factors of 9207867.
3, 101, 30389
What are the prime factors of 2217217?
2217217
List the prime factors of 2456713.
7, 181, 277
List the prime factors of 128439.
3, 67, 71
List the prime factors of 2663528.
2, 7, 47563
List the prime factors of 10014722.
2, 397, 12613
What are the prime factors of 12004910?
2, 5, 1200491
What are the prime factors of 263782?
2, 131891
List the prime factors of 235371.
3, 67, 1171
What are the prime factors of 10670677?
10670677
What are the prime factors of 3487926?
2, 3, 13, 97, 461
What are the prime factors of 3450166?
2, 1725083
What are the prime factors of 174449?
11, 15859
List the prime factors of 348083.
348083
What are the prime factors of 3982542?
2, 3, 23, 28859
List the prime factors of 89093.
41, 53
List the prime factors of 599580.
2, 3, 5, 3331
What are the prime factors of 9454686?
2, 3, 17, 92693
What are the prime factors of 5948953?
977, 6089
List the prime factors of 73959.
3, 89, 277
What are the prime factors of 2598146?
2, 43, 30211
List the prime factors of 2273603.
2273603
What are the prime factors of 410478?
2, 3, 37, 43
List the prime factors of 497824.
2, 47, 331
List the prime factors of 11022902.
2, 11, 17, 29473
List the prime factors of 253536.
2, 3, 19, 139
What are the prime factors of 69514?
2, 34757
What are the prime factors of 238800?
2, 3, 5, 199
What are the prime factors of 1315708?
2, 97, 3391
What are the prime factors of 2098687?
2098687
What are the prime factors of 81958?
2, 43, 953
List the prime factors of 395546.
2, 197773
List the prime factors of 2091922.
2, 7, 149423
List the prime factors of 148821.
3, 113, 439
What are the prime factors of 2657789?
751, 3539
What are the prime factors of 730361?
59, 12379
What are the prime factors of 9160971?
3, 97, 31481
List the prime factors of 74949.
3, 7, 43, 83
What are the prime factors of 15911685?
3, 5, 347, 1019
What are the prime factors of 1528039?
29, 52691
List the prime factors of 806692.
2, 201673
What are the prime factors of 3246626?
2, 17, 41, 137
List the prime factors of 4448003.
7, 173, 3673
What are the prime factors of 2034074?
2, 7, 23, 6317
What are the prime factors of 549926?
2, 13, 1627
List the prime factors of 299005.
5, 7, 8543
List the prime factors of 976751.
353, 2767
What are the prime factors of 118347?
3, 103, 383
What are the prime factors of 254910?
2, 3, 5, 29, 293
What are the prime factors of 2150364?
2, 3, 17, 83, 127
List the prime factors of 1010407.
1010407
What are the prime factors of 7205142?
2, 3, 7, 19, 9029
List the prime factors of 2704551.
3, 901517
List the prime factors of 3478549.
53, 65633
What are the prime factors of 8176506?
2, 3, 13, 104827
What are the prime factors of 3425902?
2, 1712951
List the prime factors of 625037.
7, 29, 3079
What are the prime factors of 190576?
2, 43, 277
What are the prime factors of 359522?
2, 67, 2683
List the prime factors of 922089.
3, 7, 19, 2311
What are the prime factors of 1354631?
23, 58897
What are the prime factors of 83063?
83063
List the prime factors of 213448.
2, 26681
What are the prime factors of 19087514?
2, 19, 26437
List the prime factors of 7045029.
3, 19, 31, 443
List the prime factors of 798712.
2, 99839
What are the prime factors of 12844743?
3, 4281581
What are the prime factors of 6887569?
13, 529813
What are the prime factors of 5095792?
2, 13, 24499
List the prime factors of 41881.
7, 31, 193
What are the prime factors of 571859?
193, 2963
List the prime factors of 11465208.
2, 3, 17, 19, 29
What are the prime factors of 16313522?
2, 37, 89, 2477
What are the prime factors of 158107?
223, 709
What are the prime factors of 32610?
2, 3, 5, 1087
List the prime factors of 527274.
2, 3, 11, 2663
List the prime factors of 3677553.
3, 11, 307
List the prime factors of 270754.
2, 11, 31, 397
List the prime factors of 594850.
2, 5, 11897
List the prime factors of 1668205.
5, 7, 11, 619
What are the prime factors of 110819?
110819
What are the prime factors of 232972?
2, 58243
What are the prime factors of 571805?
5, 13, 19, 463
What are the prime factors of 3278866?
2, 37, 59, 751
What are the prime factors of 28457464?
2, 7, 193, 2633
List the prime factors of 44385787.
44385787
What are the prime factors of 6431215?
5, 7, 19, 509
List the prime factors of 1342200.
2, 3, 5, 2237
What are the prime factors of 633989?
223, 2843
List the prime factors of 419162.
2, 209581
List the prime factors of 2844188.
2, 31, 22937
What are the prime factors of 15858501?
3, 17, 53, 5867
List the prime factors of 3789356.
2, 809, 1171
List the prime factors of 5980.
2, 5, 13, 23
List the prime factors of 4228579.
463, 9133
What are the prime factors of 38675581?
7, 23, 229, 1049
What are the prime factors of 3544275?
3, 5, 7, 43, 157
List the prime factors of 10433166.
2, 3, 19, 71, 1289
List the prime factors of 11390927.
11390927
What are the prime factors of 204779?
47, 4357
What are the prime factors of 93447?
3, 3461
List the prime factors of 12693474.
2, 3, 29, 24317
What are the prime factors of 2340216?
2, 3, 32503
What are the prime factors of 8071925?
5, 322877
List the prime factors of 2309808.
2, 3, 48121
List the prime factors of 6116439.
3, 7, 47, 6197
What are the prime factors of 4273284?
2, 3, 53, 6719
What are the prime factors of 709971?
3, 17, 13921
What are the prime factors of 5265310?
2, 5, 526531
What are the prime factors of 4994152?
2, 181, 3449
List the prime factors of 409137.
3, 136379
What are the prime factors of 219068?
2, 54767
List the prime factors of 11347874.
2, 17, 29, 677
What are the prime factors of 93087?
3, 10343
List the prime factors of 1264516.
2, 11, 29, 991
What are the prime factors of 704435?
5, 89, 1583
List the prime factors of 9136808.
2, 797, 1433
What are the prime factors of 4058526?
2, 3, 676421
What are the prime factors of 2158318?
2, 73, 14783
What are the prime factors of 11705?
5, 2341
What are the prime factors of 4038200?
2, 5, 61, 331
List the prime factors of 4744229.
7, 96821
What are the prime factors of 15930061?
7, 2275723
List the prime factors of 15340997.
7, 503, 4357
What are the prime factors of 3297839?
83, 39733
List the prime factors of 7500530.
2, 5, 23, 32611
List the prime factors of 6440516.
2, 37, 43517
List the prime factors of 563510.
2, 5, 37, 1523
List the prime factors of 4507587.
3, 7, 71549
What are the prime factors of 6863244?
2, 3, 431, 1327
List the prime factors of 87417.
3, 11, 883
List the prime factors of 51442.
2, 17, 89
List the prime factors of 594021.
3, 23, 8609
List the prime factors of 27666444.
2, 3, 13, 67, 2647
List the prime factors of 791183.
349, 2267
List the prime factors of 2359051.
2359051
List the prime factors of 2349330.
2, 3, 5, 78311
What are the prime factors of 27505?
5, 5501
What are the prime factors of 21723694?
2, 167, 193, 337
List the prime factors of 44471.
7, 6353
What are the prime factors of 1891104?
2, 3, 19699
What are the prime factors of 187073?
187073
List the prime factors of 1308147.
3, 269, 1621
What are the prime factors of 9556151?
11, 868741
What are the prime factors of 2420356?
2, 31, 131, 149
List the prime factors of 450866.
2, 13, 17341
What are the prime factors of 523498?
2, 17, 89, 173
What are the prime factors of 212817?
3, 11, 6449
List the prime factors of 214085.
5, 47, 911
What are the prime factors of 407237?
283, 1439
What are the prime factors of 2061570?
2, 3, 5, 7, 9817
List the prime factors of 14751704.
2, 11, 167633
List the prime factors of 68136.
2, 3, 17, 167
What are the prime factors of 144114?
2, 3, 24019
List the prime factors of 2358701.
2358701
List the prime factors of 36850339.
17, 691, 3137
What are the prime factors of 332684?
2, 11, 7561
What are the prime factors of 187312?
2, 23, 509
What are the prime factors of 672094?
2, 109, 3083
What are the prime factors of 423913?
7, 23, 2633
List the prime factors of 269844.
2, 3, 113, 199
List the prime factors of 5506270.
2, 5, 7, 11, 7151
What are the prime factors of 327473?
327473
List the prime factors of 24595.
5, 4919
What are the prime factors of 24164?
2, 7, 863
List the prime factors of 18671803.
967, 19309
Wh